- (-7 - -3))?
2
Calculate (3 - (3 + 0)) + (1 - 4).
-3
What is -5 + -1 + (-5 - (-5 - 6))?
0
0 + 3 + 0 + 3 + -5
1
What is -10 - (-10 + -1 + -3)?
4
What is the value of -3 + -1 + -3 + 1 + 0?
-6
What is the value of 2 + 2 + -2 + 2?
4
What is the value of 7 - (-1 - -3) - (1 - 2)?
6
Calculate (10 - (6 - (-5 - -3))) + 8.
10
Evaluate (2 - (2 - 3)) + -7.
-4
What is the value of 1 + 2 - (5 - (4 + -2))?
0
Evaluate (16 + -7 - 5) + -4.
0
Evaluate 8 + -14 + 12 - (1 + -2).
7
Calculate 11 - 9 - (2 + -7) - 14.
-7
Calculate 37 + -36 + 1 + -2.
0
Evaluate 0 + 2 + (3 - 6).
-1
What is the value of 4 + (-13 + 4 - -1)?
-4
What is -1 + 4 + (-2 - 2)?
-1
Calculate 0 - ((4 - -3) + -14).
7
What is the value of -33 - -30 - (-7 - -1)?
3
Evaluate -2 - (0 + (0 - -5) + -5).
-2
What is the value of 3 + (-6 - 7 - -3)?
-7
What is 1 + (-4 - -6 - 6)?
-3
What is (2 - (16 + -10)) + 1 + 11?
8
What is -4 + -3 + 7 + (1 - 2)?
-1
What is the value of -6 + 3 - -5 - (0 + -6)?
8
8 + -10 + (-1 - (0 + -1))
-2
Calculate -6 + 2 + (-3 - (2 - 4)).
-5
Evaluate (-7 - -2) + (-5 - -6).
-4
Calculate 14 + -10 + 4 - 11.
-3
Evaluate -8 + 2 + -28 + 32.
-2
Calculate (-8 - -10) + -3 - 8.
-9
What is the value of -1 + 1 + -2 + (-7 - -7)?
-2
Evaluate (-11 - -7) + 2 + 0 - -8.
6
What is the value of -1252 + 1256 - (0 - (5 - -1))?
10
Calculate -5 - (1 + 0 - (-8 - -10)).
-4
What is the value of (-1 - 4) + 29 + -21 - -2?
5
What is the value of -2 + -4 + 15 + -5 + 1?
5
Evaluate -2 + 0 + (-4 - -10).
4
Calculate 2 + -9 - (-46 + 33).
6
What is 2 + -4 - (4 - 7)?
1
What is the value of (1 - (3 + 3 - 3)) + 9?
7
What is -7 + (-1 - (-2 + -4 + 0))?
-2
3 - 2 - (1 - (-1 - -1))
0
What is -2 - (-3 + 2 - (3 - 2))?
0
Evaluate (0 - (2 - 11)) + -13.
-4
Calculate -3 + 3 - (1 + 2).
-3
Calculate -4 - -5 - (0 + 0 + 1).
0
(-4 - (6 - 15)) + (-3 - -5)
7
Evaluate -2 + 4 + (-127 - -133).
8
Calculate 46 + -40 + 2 + 1.
9
-4 + 1 + 0 + 7
4
What is the value of -3 + 1 + (-1 + -2 - -4)?
-1
Evaluate -4 - (3 - (21 + -12)).
2
Calculate (5 - 3) + 19 + -17.
4
Calculate 3 + 3 + -6 + 2.
2
What is the value of 4 + -6 + (1 - -3) - 0?
2
What is 3 + -11 + (2 - -6)?
0
What is -10 + 3 + 1 + 0?
-6
What is 1 + (9 + 1 + -5 - 3)?
3
What is the value of 7 + -1 + 4 + 1 + -11?
0
What is the value of 1 + -3 - (-7 + -1)?
6
(5 - -5) + 4 + (-18 - -6)
2
Evaluate 4 - (8 + (0 - (1 + 2))).
-1
What is the value of (-1 - -7) + 1 - (2 + 1)?
4
Evaluate 3 + -1 + 3 + -7.
-2
-9 + (1 + 0 - (2 + -5))
-5
What is 6 - (10 - 3 - 7 - -6)?
0
Calculate -10 + (-7 - -4) + 15.
2
What is 51 + -48 - (1 + 0)?
2
Calculate -4 + 3 + 2 + -3.
-2
What is the value of -8 + (-2 - 3) + 5 + 1?
-7
Evaluate -1 + 2 - (-5 + 7).
-1
What is 6 + (-7 + 8 - (6 - 1))?
2
What is 7 - (4 - (-4 - -5))?
4
What is 1 - (-11 - -5) - (-8 + 10)?
5
Calculate -9 + -2 + 4 + 3.
-4
(9 - 3 - (-2 - -6)) + -10
-8
Calculate -1 + 5 - (7 + 7 + -10).
0
Calculate 9 + (21 + -28 - (-1 + -2)).
5
-5 + 4 + (-1 - -4)
2
Calculate (-10 - -2) + 8 + -3.
-3
51 - 54 - (-1 + -5)
3
Evaluate (1 - 0) + -6 + 5.
0
Calculate 5 - 1 - 10 - (1 - 4).
-3
What is 2 + -2 + -6 - (-33 - -33)?
-6
What is the value of 3 + (-3 - 2) + (1 - -2)?
1
-1 + 2 + 0 - (-4 - -5)
0
What is the value of 7 + (-7 - (6 - 3))?
-3
What is the value of -11 + 5 - (-5 - 5)?
4
What is 192 + -199 + 6 + 1?
0
Evaluate -1 + 7 + 1 + -13 + 8.
2
What is -3 - (2 + -1 + (3 - 1))?
-6
-10 - (10 + (-7 - 22))
9
Evaluate (-9 - -4 - -2) + 7.
4
What is -2 + 2 + -8 + 4?
-4
-17 + 9 - (1 + -13)
4
Evaluate (13 - 12 - (0 - 2)) + -4.
-1
What is the value of 10 - (-13 - (14 + -27))?
10
2 - (-4 - -2) - 3 - 3
-2
What is the value of -4 - (6 + -4 - 3)?
-3
Evaluate -5 - -9 - 0 - 2.
2
Evaluate 2 - (-1 + (5 - -1)).
-3
2 - 5 - (0 + -4)
1
Calculate 12 + (9 + -9 - 17).
-5
What is -2 - -11 - (0 + -6 + 10)?
5
What is -3 + (4 - -12) + -6?
7
-2 + (-4 - -3) - -4
1
-7 - -10 - (2 - 1)
2
Evaluate -2 + -4 + (5 - (1 - 0)).
-2
What is 5 - 2 - (-17 - -23)?
-3
Evaluate 5 + -1 + 2 + (-9 - 8).
-11
Evaluate 2 - (3 - (-6 + 2 + 0)).
-5
Evaluate 2 - 9 - (3 + -9 + 3).
-4
-4 + 8 + -2 - (-1 + -1)
4
Evaluate (-2 - (7 - 2 - 17)) + -5.
5
Evaluate 6 + -8 + -5 + 3.
-4
7 + -7 + (-3 - -1)
-2
-6 - (-5 + (6 - 8))
1
What is the value of -4 + 4 - (-3 + -1) - 3?
1
What is 5 + -13 + 17 - 6?
3
(3 - (1 - 2)) + -1 - 4
-1
Evaluate -1 + (2 - 0) + -2.
-1
Calculate 7 + -3 + -7 + 1.
-2
8 + 2 + 1 + -9
2
What is the value of 2 - (-9 + 6 + 9)?
-4
(-4 - -2 - -3) + -1 + 0
0
Evaluate 52 + -43 + (1 - 15).
-5
What is the value of 1 + -1 + 12 + -8?
4
Evaluate 4 - (-2 - -3 - -3).
0
Evaluate -3 + 0 + 10 + -3.
4
What is -6 + (-2 - (-6 - 0))?
-2
What is the value of (0 + 3 - 1) + -4?
-2
What is 90 + -100 + (2 - 0)?
-8
Evaluate (6 - (-7 + 9)) + -2 + 1.
3
What is the value of (-4 - -1) + 32 + -24?
5
Calculate -5 + (-4 - -3) + 3.
-3
Evaluate -3 + (-4 + -1 - -3).
-5
What is -4 - (-3 - -3) - (-7 + 6)?
-3
Calculate (15 - 14) + 0 + -1.
0
-3 + 5 + -5 + 0 + 3
0
What is the value of -2 + 4 - (3 + -5 + 3)?
1
Evaluate (-1 - 5) + 9 - 0.
3
What is -12 - -15 - (6 - 1)?
-2
Evaluate 479 - 483 - (1 - (0 + 6)).
1
Calculate 13 + -16 + (13 - 5).
5
Evaluate -2 + -1 + -5 + 13.
5
-8 + (5 + -8 - -5)
-6
Calculate (13 - 8) + (-3 - 1).
1
(1 - 2 - (-4 - 4)) + -3
4
2 - 4 - (6 - 11)
3
What is -3 + (7 - 4) + -4?
-4
Evaluate (-4 - 1 - 0) + 6.
1
What is -47 - -41 - (-1 - 6)?
1
(2 - 2) + (21 - 16)
5
-1 + 3 + (-8 - -4)
-2
What is -2 + (0 - (4 + -11)) + 1?
6
-2 + (-4 - (-5 + 3))
-4
Calculate 1 + 0 + -2 + 4.
3
Evaluate -3 + (-2 - 0 - 0).
-5
What is (-2 + 6 - 5 - 3) + 2?
-2
Evaluate -13 + (-7 - (0 - 14)).
-6
What is 4 + -3 - 2 - 0?
-1
What is (-4 - -6) + -7 - -7?
2
What is the value of (-4 + 7 - 1) + -1?
1
9 + (2 - (2 + 3) - 0)
6
Evaluate (-12 - -17) + -1 + -4 + 6.
6
What is 11 + (-8 - (-6 + 6 + -3))?
6
(-6 - -14) + -4 + -1
3
What is the value of 12 - 10 - (-2 - -4)?
0
0 + 6 + -8 + -1 + 0
-3
Calculate 3 - 1 - 3 - -1.
0
What is (18 - 4) + 1 - 14?
1
-3 + 3 - (4 + -6)
2
What is the value of (-4 - (1 + -7)) + -6?
-4
-1 - (2 + -3 - (4 - -1))
5
What is the value of 4 - (4 + 2 + -2) - 3?
-3
-4 + -7 + (-4 - -13)
-2
What is (-5 - -9 - 1 - 6) + 5?
2
What is the value of 2 + 5 - 5 - (3 - 1)?
0
What is the value of 1 + -5 + 63 + -49?
10
Calculate 6 + 1 + -10 - -6.
3
What is the value of 0 + 1 + 3 - (-9 - -15)?
-2
What is the value of (-13 - (-7 + -11)) + (-10 - -1)?
-4
2 + -3 - (-10 - -13)
-4
What is 1 + (6 - 7 - (2 + -2))?
0
What is (-5 - 2) + 7 - (2 - -1)?
-3
Evaluate (-16 - -15) + -11 + 4 + 14.
6
What is -1 + (10 - (1 + 11))?
-3
What is the value of (-5 - -4) + (0 - 0 - 1)?
-2
0 + (-5 - -3) - -4
2
Calculate -133 + 135 - (-1 - -9).
-6
Evaluate -5 - (-1 - (7 + 4)).
7
Calculate 1 + 2 + (-6 - 0).
-3
What is -2 + -1 - (-3 + 4)?
-4
What is -30 + 39 - (4 - (-3 - -6))?
8
Evaluate (-2 + -5 - -5) + -4.
-6
4 + (0 - -1) - -1
6
What is -14 + (-3 - -12) + 4?
-1
Calculate -4 - (4 + -6) - (2 - 5).
1
-4 - (4 - (-3 - -7))
-4
(-1 + 17 - 5) + -9
2
Evaluate -3 + 26 + -5 + -8.
10
What is the value of (7 - 6) + -3 - 1?
-3
What is 9 + 0 - -1 - 7?
3
-1 - (1 + 0 + (1 - 2))
-1
Evaluate (0 - 1) + (-5 - -9).
3
What is -10 + 9 + -4 + 10?
5
What is the value of -9 + 4 - (-1 - 2)?
-2
What is 4 + 0 + (-5 - (-2 + -2))?
3
What is (-4 - (1 - 3)) + 1?
-1
Evaluate 8 + 10 + -6 - 4.
8
1 + -6 + 1 - (-3 + 5)
-6
What is the value of -1 + (9 - 10) - (3 - 12)?
7
What is 7 + -1 + (26 - 34)?
-2
Calculate 3 - (3 - (-8 + 1)).
-7
Evaluate 3 - ((2 - 0) + -4).
5
5 + 2 + (13 + -7 - 7)
6
Evaluate (-6 - -3) + 7 + -4 - -5.
5
What is -4 + (-5 - -11) - 0?
2
What is -6 - ((-9 - -2) + 2)?
-1
5 + 3 + -5 - (6 + 1)
-4
What is the value of 5 + -3 + 4 + (2 - 4)?
4
Calculate (4 - (7 + 1)) + 7.
3
What is the value of 9 + -6 + -6 - 3?
-6
Evaluate 4 - (5 + (-8 - -2)).
5
3 - (0 - 1 - (-10 - -6))
0
-2 + (7 - 3) + -5 + 0
-3
What is the value of 0 + -5 - (-22 + 15)?
2
-4 + (7 - 1) - -2
4
Evaluate (-7 - -2) + (1 - -4) + 0.
0
What is (-6 - -9 - -5) + -5?
3
Evaluate (5 - 0) + (1 - 9).
-3
What is the value of (1 - 2) + (6 - -1) + -5?
1
What is the value of 40 - 43 - (-6 - 1)?
4
7 + (10 - 22 - -14)
9
Evaluate -17 + 3 + 32 + -24.
-6
What is the value of -2 + (5 - -1) - (15 - 16)?
5
What is -23 + 23 + (2 - -3)?
5
What is -2 + -4 + -6 + 22?
10
What is 8 - (-7 + 8 + 1)?
6
What is -3 + 2 + -1 - (9 + -8)?
-3
(-8 + 5 - -10) + -8
-1
Calculate -5 - (5 - (-6 + 13)).
-3
Calculate -17 - 3 - (-3 - 7).
-10
Wha